by 53.
3
Calculate the remainder when 128943 is divided by 668.
19
Calculate the remainder when 16527 is divided by 750.
27
Calculate the remainder when 2568430 is divided by 2568382.
48
What is the remainder when 4241970 is divided by 2120985?
0
Calculate the remainder when 14521277 is divided by 10.
7
Calculate the remainder when 32274224 is divided by 388.
384
Calculate the remainder when 1302225 is divided by 12402.
15
What is the remainder when 930 is divided by 697?
233
What is the remainder when 70778524 is divided by 42?
40
Calculate the remainder when 165501243 is divided by 3875.
3868
What is the remainder when 7614 is divided by 150?
114
Calculate the remainder when 1932337 is divided by 1512.
1
Calculate the remainder when 1439510 is divided by 385.
380
What is the remainder when 707096 is divided by 88374?
104
Calculate the remainder when 1669377 is divided by 36290.
37
Calculate the remainder when 6682 is divided by 933.
151
Calculate the remainder when 45959 is divided by 1771.
1684
Calculate the remainder when 402538 is divided by 1536.
106
Calculate the remainder when 21184976 is divided by 96735.
11
What is the remainder when 2157443 is divided by 11415?
8
What is the remainder when 334742 is divided by 334720?
22
Calculate the remainder when 37331715 is divided by 18665851.
13
What is the remainder when 16758726 is divided by 16?
6
What is the remainder when 14205351 is divided by 574?
573
Calculate the remainder when 104059995 is divided by 136921.
35
What is the remainder when 7561764 is divided by 1306?
24
What is the remainder when 13194448 is divided by 18?
16
What is the remainder when 15992536 is divided by 4?
0
Calculate the remainder when 97520840 is divided by 8715.
8705
What is the remainder when 96287 is divided by 1176?
1031
What is the remainder when 5632459 is divided by 1216?
1163
What is the remainder when 3153864 is divided by 394233?
0
What is the remainder when 5027271 is divided by 25?
21
Calculate the remainder when 14879597 is divided by 8.
5
What is the remainder when 647943 is divided by 293?
120
What is the remainder when 4624217 is divided by 37903?
51
Calculate the remainder when 2724071 is divided by 609.
14
What is the remainder when 3013281 is divided by 136967?
7
Calculate the remainder when 9368946 is divided by 493102.
8
Calculate the remainder when 2327246 is divided by 816.
14
What is the remainder when 5204271 is divided by 5204208?
63
What is the remainder when 10749402 is divided by 73626?
6
Calculate the remainder when 2015804 is divided by 60.
44
What is the remainder when 71961 is divided by 11542?
2709
What is the remainder when 118232748 is divided by 710?
708
What is the remainder when 4378736 is divided by 18?
2
Calculate the remainder when 1957684 is divided by 27.
22
Calculate the remainder when 1069480 is divided by 2330.
10
Calculate the remainder when 60060018 is divided by 4319.
4
Calculate the remainder when 3980411 is divided by 484.
479
Calculate the remainder when 405664 is divided by 1642.
90
What is the remainder when 804949 is divided by 103?
4
What is the remainder when 3054436 is divided by 4296?
4276
What is the remainder when 11014 is divided by 5450?
114
Calculate the remainder when 788531 is divided by 1860.
1751
Calculate the remainder when 139569907 is divided by 19.
11
Calculate the remainder when 5339055 is divided by 4939.
4935
What is the remainder when 509624 is divided by 84?
80
Calculate the remainder when 83487 is divided by 1693.
530
What is the remainder when 44830 is divided by 692?
542
Calculate the remainder when 4023347 is divided by 720.
707
What is the remainder when 551615 is divided by 594?
383
Calculate the remainder when 4279995 is divided by 1600.
1595
Calculate the remainder when 64683 is divided by 32132.
419
Calculate the remainder when 1851146 is divided by 88144.
122
Calculate the remainder when 70687 is divided by 12535.
8012
Calculate the remainder when 11269798 is divided by 27.
25
What is the remainder when 110898 is divided by 55419?
60
What is the remainder when 10598239 is divided by 112747?
21
Calculate the remainder when 18188 is divided by 2217.
452
What is the remainder when 349452090 is divided by 11?
9
Calculate the remainder when 227829 is divided by 2399.
2323
What is the remainder when 15396 is divided by 668?
32
Calculate the remainder when 2398906 is divided by 5320.
4906
What is the remainder when 423846 is divided by 36?
18
What is the remainder when 1574322 is divided by 3506?
128
Calculate the remainder when 1128509 is divided by 1128503.
6
Calculate the remainder when 385050 is divided by 76949.
305
What is the remainder when 76442456 is divided by 39?
38
Calculate the remainder when 14878 is divided by 2108.
122
Calculate the remainder when 59017 is divided by 1143.
724
Calculate the remainder when 6644159 is divided by 96.
95
What is the remainder when 1393423 is divided by 5902?
551
Calculate the remainder when 1394614 is divided by 57.
52
What is the remainder when 7326505 is divided by 779?
10
Calculate the remainder when 18759908 is divided by 987.
986
What is the remainder when 1913429 is divided by 49?
28
Calculate the remainder when 140061 is divided by 19996.
89
Calculate the remainder when 5223711 is divided by 46.
43
What is the remainder when 168800 is divided by 42195?
20
What is the remainder when 79464 is divided by 155?
104
Calculate the remainder when 4372798 is divided by 911.
909
Calculate the remainder when 18153 is divided by 2506.
611
What is the remainder when 237195967 is divided by 110?
107
What is the remainder when 2180232 is divided by 80?
72
Calculate the remainder when 1919396 is divided by 300.
296
What is the remainder when 3569383 is divided by 198297?
37
Calculate the remainder when 5154956 is divided by 5154906.
50
Calculate the remainder when 5765257 is divided by 5765250.
7
What is the remainder when 39373096 is divided by 52?
48
What is the remainder when 71775149 is divided by 1094?
1091
What is the remainder when 4888266 is divided by 27462?
30
What is the remainder when 97700843 is divided by 114?
107
Calculate the remainder when 164488 is divided by 736.
360
What is the remainder when 881400867 is divided by 4230?
4227
What is the remainder when 127466 is divided by 125?
91
Calculate the remainder when 316232 is divided by 11.
4
Calculate the remainder when 116796299 is divided by 57169.
32
Calculate the remainder when 25512911 is divided by 106.
89
What is the remainder when 30217558 is divided by 3357505?
13
What is the remainder when 822013 is divided by 7279?
6765
Calculate the remainder when 59574087 is divided by 10.
7
Calculate the remainder when 35325 is divided by 3225.
3075
Calculate the remainder when 1288086 is divided by 143076.
402
Calculate the remainder when 1878392 is divided by 1878340.
52
Calculate the remainder when 557538 is divided by 2706.
102
What is the remainder when 14145356 is divided by 789?
164
What is the remainder when 25775418 is divided by 30?
18
What is the remainder when 717032 is divided by 5?
2
What is the remainder when 410053964 is divided by 3408?
3404
What is the remainder when 38851 is divided by 6470?
31
What is the remainder when 7538067 is divided by 2644?
23
Calculate the remainder when 2478520 is divided by 826171.
7
What is the remainder when 56008 is divided by 18622?
142
What is the remainder when 31704038 is divided by 479?
465
Calculate the remainder when 12808534 is divided by 145.
104
Calculate the remainder when 80983 is divided by 8975.
208
Calculate the remainder when 118076 is divided by 361.
29
What is the remainder when 30648 is divided by 1908?
120
What is the remainder when 65392373 is divided by 943?
38
Calculate the remainder when 112370939 is divided by 2060.
2059
What is the remainder when 69683 is divided by 9939?
110
Calculate the remainder when 23037829 is divided by 3291095.
164
Calculate the remainder when 95445 is divided by 31139.
2028
Calculate the remainder when 173962370 is divided by 33.
32
Calculate the remainder when 673918 is divided by 129.
22
What is the remainder when 56358 is divided by 10926?
1728
Calculate the remainder when 12142921 is divided by 18.
13
Calculate the remainder 